{"id":148,"date":"2013-03-26T23:34:51","date_gmt":"2013-03-26T21:34:51","guid":{"rendered":"http:\/\/drk-jugendladen-wedding.de\/wpjlw\/ueber-uns\/das-team\/"},"modified":"2021-01-14T17:46:29","modified_gmt":"2021-01-14T15:46:29","slug":"das-team","status":"publish","type":"page","link":"http:\/\/drk-jugendladen-wedding.de\/wpjlw\/ueber-uns\/das-team\/","title":{"rendered":"Das Team"},"content":{"rendered":"<h4><img loading=\"lazy\" decoding=\"async\" class=\"alignright\" style=\"margin-left: 10px; margin-right: 10px;\" src=\"http:\/\/drk-jugendladen-wedding.de\/wpjlw\/wp-content\/uploads\/samer1.jpg\" alt=\"Samer Ahmad\" width=\"240\" height=\"289\" \/>Samer Ahmad<\/h4>\n<ul>\n<li>Staatlich anerkannter Erzieher<\/li>\n<li>2006 bis 2009 Freiberuflicher Mitarbeiter im Jugendladen<\/li>\n<li>ab 2009 Festangestellter Mitarbeiter<\/li>\n<li>Seit 2014 Leiter der Einrichtung<\/li>\n<\/ul>\n<p>Schwerpunkte<\/p>\n<ul>\n<li>Dienst- und Fachaufsicht<\/li>\n<li>Organisationsentwicklung und Etatsicherung<\/li>\n<li>Verwaltungsarbeiten und Finanzcontrolling<\/li>\n<li>\u00d6ffentlichkeitsarbeit<\/li>\n<li>Kooperation mit internen und externen Partnern<\/li>\n<li>Qualit\u00e4tssicherung<\/li>\n<li>Betreuung des Offenen Treffs<\/li>\n<li>Organisation und Durchf\u00fchrung von Sportangeboten<\/li>\n<\/ul>\n<p>Ist Kiezbewohner und war jahrelang selbst jugendlicher Besucher im Jugendladen Wedding<\/p>\n<p>__________________________________________________________________________<\/p>\n<h4><img loading=\"lazy\" decoding=\"async\" class=\"alignleft\" style=\"margin-left: 10px; margin-right: 10px;\" src=\"http:\/\/drk-jugendladen-wedding.de\/wpjlw\/wp-content\/uploads\/reza_yeganeh.jpg\" alt=\"Reza Yeganeh\" width=\"240\" height=\"289\" \/>Reza Yeganeh<\/h4>\n<ul>\n<li>Diplom Politologe \/ Studium im Fachbereich Politik- und Sozialwissenschaft<\/li>\n<li>Seit 1999 p\u00e4dagogischer Mitarbeiter im DRK-Jugendladen Wedding,<\/li>\n<li>Seit 1999 Bildungsreferent und Dozent in der Jugendbildungsst\u00e4tte Kaubstrasse e.V.<\/li>\n<li>Politische Jungendbildungsarbeit mit den Schwerpunkten: Gewaltpr\u00e4vention, Rassismus, Sucht und Drogen, Liebe-Sex-Beziehung, Lebens- und Zukunftsperspektiven,<\/li>\n<li>von 1997 bis 1998 ehrenamtliche Betreuung von Kinder und Jugendliche aus iranischen\u00a0<span style=\"line-height: 1.5em;\">Fl\u00fcchtlings- und Migrantenfamilien<\/span><\/li>\n<li>von 1986 bis 1989 ehrenamtliche Betreuung der Kinder und Jugendlichen, aus\u00a0<span style=\"line-height: 1.5em;\">Fl\u00fcchtlingsfamilien mit politischer und sozialer Gewalterfahrungen<\/span><\/li>\n<\/ul>\n<p>Schwerpunkte der Arbeit:<\/p>\n<ul>\n<li>Anleitung und Betreuung der ehrenamtlichen JugendleiterInnen,<\/li>\n<li>Co Ausbilder f\u00fcr die Jugendleiterkarte (JuLeiCa),<\/li>\n<li>Betreuung der Jugendlichen im Offenen Treff,<\/li>\n<li>Koordination und Gestaltung von Freizeitaktivit\u00e4ten,<\/li>\n<li>Organisation verschiedener Turniere,<\/li>\n<li>Koordination der Filmabende, Nachhilfeunterricht, sportlicher Aktivit\u00e4ten,<\/li>\n<li>Durchf\u00fchren und Leitung von offenen Diskussionsrunden zu Themen wie z. B. Gewalt, Drogen, Liebe- Sexualit\u00e4t- Beziehung, Zukunftsperspektive, Migration, Interkulturalit\u00e4t, Religion und Politik.<\/li>\n<\/ul>\n<p>__________________________________________________________________________<\/p>\n<h4><img loading=\"lazy\" decoding=\"async\" class=\"alignright\" style=\"margin-left: 10px; margin-right: 10px;\" src=\"http:\/\/drk-jugendladen-wedding.de\/wpjlw\/wp-content\/uploads\/afsar_jafadi.jpg\" alt=\"Afsar Javadi\" width=\"240\" height=\"289\" \/>Afsar Javadi<\/h4>\n<ul>\n<li>1. Studium Lehramt: 5 Jahre Erfahrung als Lehrerin an Oberschulen im Iran;<\/li>\n<li>2. Studium an der FU Berlin als Dipl. Soziologin (mit Nebenf\u00e4chern Psychologie und Politologie),<\/li>\n<li>Schwerpunkt: Frauen- und Fundamentalismusforschung;<\/li>\n<li>1998 &#8211; 2000 Ehrenamtliche Betreuung der Kinder und Jugendlichen von Fl\u00fcchtlingsfamilien in NRW und Berlin;<\/li>\n<li>2001 &#8211; 2007 Sozialp\u00e4dagogische Mitarbeiterin in verschiedenen Kinder und Jugendeinrichtungen in Berlin (ASP- Pankow, Freizeit-Einrichtung Sch\u00f6nwalder Stra\u00dfe, Jugendzentrum Grenzallee\/Neuk\u00f6lln);<\/li>\n<li>Seit 2001 (mit Unterbrechung) freie p\u00e4dagogische Mitarbeiterin im DRK-Jugendladen-Wedding, seit Mai 2013 fest angestellt<\/li>\n<\/ul>\n<p>Schwerpunkte:<br \/>\nBetreuung der Kinder und Jugendlichen, insbesondere M\u00e4dchenarbeit,<br \/>\nVertrauens- und Kontaktperson zu den Eltern bzw. M\u00fcttern.<\/p>\n<p>__________________________________________________________________________<\/p>\n<h4>Hans Born<\/h4>\n<p><a href=\"http:\/\/drk-jugendladen-wedding.de\/wpjlw\/wp-content\/uploads\/Hans_Born.jpg\"><img loading=\"lazy\" decoding=\"async\" class=\"alignleft size-medium wp-image-998\" src=\"http:\/\/drk-jugendladen-wedding.de\/wpjlw\/wp-content\/uploads\/Hans_Born-300x289.jpg\" alt=\"\" width=\"300\" height=\"289\" srcset=\"http:\/\/drk-jugendladen-wedding.de\/wpjlw\/wp-content\/uploads\/Hans_Born-300x289.jpg 300w, http:\/\/drk-jugendladen-wedding.de\/wpjlw\/wp-content\/uploads\/Hans_Born.jpg 531w\" sizes=\"(max-width: 300px) 100vw, 300px\" \/><\/a><\/p>\n<ul>\n<li>Seit Nov. 2004 freier Mitarbeiter im DRK-Jugendladen Wedding<\/li>\n<li>seit 2000 freiberufliche T\u00e4tigkeit im Bereich Print- und Webdesign, Fotografie, Computersupport<\/li>\n<li>1973 Mitbegr\u00fcnder der Sonderkindertagesst\u00e4tte &#8222;A13&#8220; des Deutschen Kinderschutzbundes Landesverband Berlin in Wedding und p\u00e4d. Mitarbeiter bis 1980 (offene Projektarbeit)<\/li>\n<li>1983 Mitbegr\u00fcnder der Eikitas &#8222;Perlmut e.V.&#8220; sowie 1988 der &#8222;Villa R\u00f6mer e.V.&#8220; (beide Wedding &#8211; Prinzenallee)<\/li>\n<li>diverse Dozentent\u00e4tigkeiten<\/li>\n<\/ul>\n<p>Schwerpunkte der Arbeit:<\/p>\n<p>Betreuung der Kinder und Jugendlichen im Medienraum, Hausaufgaben- und Bewerbungshilfe, Hilfe bei PC-Problemen, Administration der Homepage des Jugendladens, \u00d6ffentlichkeitsarbeit, Bildbearbeitung, Haustechniker (Geht nicht gibt&#8217;s nicht)<br \/>\n__________________________________________________________________________<\/p>\n<h4>Meriem Shehab<\/h4>\n<ul><img loading=\"lazy\" decoding=\"async\" class=\"alignright wp-image-1116 size-medium\" src=\"http:\/\/drk-jugendladen-wedding.de\/wpjlw\/wp-content\/uploads\/Meriem-Shehab-235x300.jpg\" alt=\"\" width=\"235\" height=\"300\" srcset=\"http:\/\/drk-jugendladen-wedding.de\/wpjlw\/wp-content\/uploads\/Meriem-Shehab-235x300.jpg 235w, http:\/\/drk-jugendladen-wedding.de\/wpjlw\/wp-content\/uploads\/Meriem-Shehab-804x1024.jpg 804w, http:\/\/drk-jugendladen-wedding.de\/wpjlw\/wp-content\/uploads\/Meriem-Shehab-768x978.jpg 768w, http:\/\/drk-jugendladen-wedding.de\/wpjlw\/wp-content\/uploads\/Meriem-Shehab.jpg 1095w\" sizes=\"(max-width: 235px) 100vw, 235px\" \/><\/p>\n<li>Studium 1990-1995: Sprachwissenschaft an der Humboldt Universit\u00e4t Berlin<br \/>\nGrund Studium: Soziologie -Politik.<\/li>\n<li>2002-2004: Beraterin und \u00dcbersetzerin im Nachbarschaftshaus Berlin<br \/>\n2004-2006: Sch\u00fcler und Kinderbetreuerin in der Karls Grund Schule Berlin<br \/>\n2011-2017: \u00dcbersetzerin und Beraterin f\u00fcr arabische Sprache in Vereinen und Beratungsstellen<br \/>\nSeit Juli 2020 Mitarbeiterin bei DRK -Jugendladen Wedding \u2013 Prenzlauerberg<\/li>\n<li>Schwerpunkte: Betreuung von Kindern und Jugendlichen, Nachhilfe, Beratung und Hilfe,<br \/>\nComputerkurse, Gruppenarbeit, Au\u00dfenaktivit\u00e4ten<\/li>\n<\/ul>\n","protected":false},"excerpt":{"rendered":"<p>Samer Ahmad Staatlich anerkannter Erzieher 2006 bis 2009 Freiberuflicher Mitarbeiter im Jugendladen ab 2009 Festangestellter Mitarbeiter Seit 2014 Leiter der Einrichtung Schwerpunkte Dienst- und Fachaufsicht Organisationsentwicklung und Etatsicherung Verwaltungsarbeiten und Finanzcontrolling \u00d6ffentlichkeitsarbeit Kooperation mit internen und externen Partnern Qualit\u00e4tssicherung Betreuung des Offenen Treffs Organisation und Durchf\u00fchrung von Sportangeboten Ist Kiezbewohner und war jahrelang selbst jugendlicher [&hellip;]<\/p>\n","protected":false},"author":1,"featured_media":176,"parent":146,"menu_order":5,"comment_status":"closed","ping_status":"open","template":"","meta":{"footnotes":""},"_links":{"self":[{"href":"http:\/\/drk-jugendladen-wedding.de\/wpjlw\/wp-json\/wp\/v2\/pages\/148"}],"collection":[{"href":"http:\/\/drk-jugendladen-wedding.de\/wpjlw\/wp-json\/wp\/v2\/pages"}],"about":[{"href":"http:\/\/drk-jugendladen-wedding.de\/wpjlw\/wp-json\/wp\/v2\/types\/page"}],"author":[{"embeddable":true,"href":"http:\/\/drk-jugendladen-wedding.de\/wpjlw\/wp-json\/wp\/v2\/users\/1"}],"replies":[{"embeddable":true,"href":"http:\/\/drk-jugendladen-wedding.de\/wpjlw\/wp-json\/wp\/v2\/comments?post=148"}],"version-history":[{"count":30,"href":"http:\/\/drk-jugendladen-wedding.de\/wpjlw\/wp-json\/wp\/v2\/pages\/148\/revisions"}],"predecessor-version":[{"id":1119,"href":"http:\/\/drk-jugendladen-wedding.de\/wpjlw\/wp-json\/wp\/v2\/pages\/148\/revisions\/1119"}],"up":[{"embeddable":true,"href":"http:\/\/drk-jugendladen-wedding.de\/wpjlw\/wp-json\/wp\/v2\/pages\/146"}],"wp:featuredmedia":[{"embeddable":true,"href":"http:\/\/drk-jugendladen-wedding.de\/wpjlw\/wp-json\/wp\/v2\/media\/176"}],"wp:attachment":[{"href":"http:\/\/drk-jugendladen-wedding.de\/wpjlw\/wp-json\/wp\/v2\/media?parent=148"}],"curies":[{"name":"wp","href":"https:\/\/api.w.org\/{rel}","templated":true}]}}

<h4><img loading="lazy" decoding="async" class="alignright" style="margin-left: 10px; margin-right: 10px;" src="http://drk-jugendladen-wedding.de/wpjlw/wp-content/uploads/samer1.jpg" alt="Samer Ahmad" width="240" height="289" />Samer Ahmad</h4>
<ul>
<li>Staatlich anerkannter Erzieher</li>
<li>2006 bis 2009 Freiberuflicher Mitarbeiter im Jugendladen</li>
<li>ab 2009 Festangestellter Mitarbeiter</li>
<li>Seit 2014 Leiter der Einrichtung</li>
</ul>
<p>Schwerpunkte</p>
<ul>
<li>Dienst- und Fachaufsicht</li>
<li>Organisationsentwicklung und Etatsicherung</li>
<li>Verwaltungsarbeiten und Finanzcontrolling</li>
<li>Öffentlichkeitsarbeit</li>
<li>Kooperation mit internen und externen Partnern</li>
<li>Qualitätssicherung</li>
<li>Betreuung des Offenen Treffs</li>
<li>Organisation und Durchführung von Sportangeboten</li>
</ul>
<p>Ist Kiezbewohner und war jahrelang selbst jugendlicher Besucher im Jugendladen Wedding</p>
<p>__________________________________________________________________________</p>
<h4><img loading="lazy" decoding="async" class="alignleft" style="margin-left: 10px; margin-right: 10px;" src="http://drk-jugendladen-wedding.de/wpjlw/wp-content/uploads/reza_yeganeh.jpg" alt="Reza Yeganeh" width="240" height="289" />Reza Yeganeh</h4>
<ul>
<li>Diplom Politologe / Studium im Fachbereich Politik- und Sozialwissenschaft</li>
<li>Seit 1999 pädagogischer Mitarbeiter im DRK-Jugendladen Wedding,</li>
<li>Seit 1999 Bildungsreferent und Dozent in der Jugendbildungsstätte Kaubstrasse e.V.</li>
<li>Politische Jungendbildungsarbeit mit den Schwerpunkten: Gewaltprävention, Rassismus, Sucht und Drogen, Liebe-Sex-Beziehung, Lebens- und Zukunftsperspektiven,</li>
<li>von 1997 bis 1998 ehrenamtliche Betreuung von Kinder und Jugendliche aus iranischen <span style="line-height: 1.5em;">Flüchtlings- und Migrantenfamilien</span></li>
<li>von 1986 bis 1989 ehrenamtliche Betreuung der Kinder und Jugendlichen, aus <span style="line-height: 1.5em;">Flüchtlingsfamilien mit politischer und sozialer Gewalterfahrungen</span></li>
</ul>
<p>Schwerpunkte der Arbeit:</p>
<ul>
<li>Anleitung und Betreuung der ehrenamtlichen JugendleiterInnen,</li>
<li>Co Ausbilder für die Jugendleiterkarte (JuLeiCa),</li>
<li>Betreuung der Jugendlichen im Offenen Treff,</li>
<li>Koordination und Gestaltung von Freizeitaktivitäten,</li>
<li>Organisation verschiedener Turniere,</li>
<li>Koordination der Filmabende, Nachhilfeunterricht, sportlicher Aktivitäten,</li>
<li>Durchführen und Leitung von offenen Diskussionsrunden zu Themen wie z. B. Gewalt, Drogen, Liebe- Sexualität- Beziehung, Zukunftsperspektive, Migration, Interkulturalität, Religion und Politik.</li>
</ul>
<p>__________________________________________________________________________</p>
<h4><img loading="lazy" decoding="async" class="alignright" style="margin-left: 10px; margin-right: 10px;" src="http://drk-jugendladen-wedding.de/wpjlw/wp-content/uploads/afsar_jafadi.jpg" alt="Afsar Javadi" width="240" height="289" />Afsar Javadi</h4>
<ul>
<li>1. Studium Lehramt: 5 Jahre Erfahrung als Lehrerin an Oberschulen im Iran;</li>
<li>2. Studium an der FU Berlin als Dipl. Soziologin (mit Nebenfächern Psychologie und Politologie),</li>
<li>Schwerpunkt: Frauen- und Fundamentalismusforschung;</li>
<li>1998 &#8211; 2000 Ehrenamtliche Betreuung der Kinder und Jugendlichen von Flüchtlingsfamilien in NRW und Berlin;</li>
<li>2001 &#8211; 2007 Sozialpädagogische Mitarbeiterin in verschiedenen Kinder und Jugendeinrichtungen in Berlin (ASP- Pankow, Freizeit-Einrichtung Schönwalder Straße, Jugendzentrum Grenzallee/Neukölln);</li>
<li>Seit 2001 (mit Unterbrechung) freie pädagogische Mitarbeiterin im DRK-Jugendladen-Wedding, seit Mai 2013 fest angestellt</li>
</ul>
<p>Schwerpunkte:<br />
Betreuung der Kinder und Jugendlichen, insbesondere Mädchenarbeit,<br />
Vertrauens- und Kontaktperson zu den Eltern bzw. Müttern.</p>
<p>__________________________________________________________________________</p>
<h4>Hans Born</h4>
<p><a href="http://drk-jugendladen-wedding.de/wpjlw/wp-content/uploads/Hans_Born.jpg"><img loading="lazy" decoding="async" class="alignleft size-medium wp-image-998" src="http://drk-jugendladen-wedding.de/wpjlw/wp-content/uploads/Hans_Born-300x289.jpg" alt="" width="300" height="289" srcset="http://drk-jugendladen-wedding.de/wpjlw/wp-content/uploads/Hans_Born-300x289.jpg 300w, http://drk-jugendladen-wedding.de/wpjlw/wp-content/uploads/Hans_Born.jpg 531w" sizes="(max-width: 300px) 100vw, 300px" /></a></p>
<ul>
<li>Seit Nov. 2004 freier Mitarbeiter im DRK-Jugendladen Wedding</li>
<li>seit 2000 freiberufliche Tätigkeit im Bereich Print- und Webdesign, Fotografie, Computersupport</li>
<li>1973 Mitbegründer der Sonderkindertagesstätte &#8222;A13&#8220; des Deutschen Kinderschutzbundes Landesverband Berlin in Wedding und päd. Mitarbeiter bis 1980 (offene Projektarbeit)</li>
<li>1983 Mitbegründer der Eikitas &#8222;Perlmut e.V.&#8220; sowie 1988 der &#8222;Villa Römer e.V.&#8220; (beide Wedding &#8211; Prinzenallee)</li>
<li>diverse Dozententätigkeiten</li>
</ul>
<p>Schwerpunkte der Arbeit:</p>
<p>Betreuung der Kinder und Jugendlichen im Medienraum, Hausaufgaben- und Bewerbungshilfe, Hilfe bei PC-Problemen, Administration der Homepage des Jugendladens, Öffentlichkeitsarbeit, Bildbearbeitung, Haustechniker (Geht nicht gibt&#8217;s nicht)<br />
__________________________________________________________________________</p>
<h4>Meriem Shehab</h4>
<ul><img loading="lazy" decoding="async" class="alignright wp-image-1116 size-medium" src="http://drk-jugendladen-wedding.de/wpjlw/wp-content/uploads/Meriem-Shehab-235x300.jpg" alt="" width="235" height="300" srcset="http://drk-jugendladen-wedding.de/wpjlw/wp-content/uploads/Meriem-Shehab-235x300.jpg 235w, http://drk-jugendladen-wedding.de/wpjlw/wp-content/uploads/Meriem-Shehab-804x1024.jpg 804w, http://drk-jugendladen-wedding.de/wpjlw/wp-content/uploads/Meriem-Shehab-768x978.jpg 768w, http://drk-jugendladen-wedding.de/wpjlw/wp-content/uploads/Meriem-Shehab.jpg 1095w" sizes="(max-width: 235px) 100vw, 235px" /></p>
<li>Studium 1990-1995: Sprachwissenschaft an der Humboldt Universität Berlin<br />
Grund Studium: Soziologie -Politik.</li>
<li>2002-2004: Beraterin und Übersetzerin im Nachbarschaftshaus Berlin<br />
2004-2006: Schüler und Kinderbetreuerin in der Karls Grund Schule Berlin<br />
2011-2017: Übersetzerin und Beraterin für arabische Sprache in Vereinen und Beratungsstellen<br />
Seit Juli 2020 Mitarbeiterin bei DRK -Jugendladen Wedding – Prenzlauerberg</li>
<li>Schwerpunkte: Betreuung von Kindern und Jugendlichen, Nachhilfe, Beratung und Hilfe,<br />
Computerkurse, Gruppenarbeit, Außenaktivitäten</li>
</ul>

<p>Samer Ahmad Staatlich anerkannter Erzieher 2006 bis 2009 Freiberuflicher Mitarbeiter im Jugendladen ab 2009 Festangestellter Mitarbeiter Seit 2014 Leiter der Einrichtung Schwerpunkte Dienst- und Fachaufsicht Organisationsentwicklung und Etatsicherung Verwaltungsarbeiten und Finanzcontrolling Öffentlichkeitsarbeit Kooperation mit internen und externen Partnern Qualitätssicherung Betreuung des Offenen Treffs Organisation und Durchführung von Sportangeboten Ist Kiezbewohner und war jahrelang selbst jugendlicher [&hellip;]</p>
